39265470?
False
Is 733 a factor of 12647915?
True
Is 514372722 a multiple of 7?
False
Is 1340 a factor of 117576402?
False
Is 101 a factor of 751694318?
True
Is 1979418870 a multiple of 5265?
True
Does 434 divide 115527328?
True
Is 23 a factor of 199682872?
True
Is 7247816 a multiple of 36?
False
Is 1866 a factor of 14663965?
False
Is 2000227015 a multiple of 538?
False
Is 26 a factor of 716405404?
True
Is 20534514 a multiple of 125?
False
Is 137757837 a multiple of 294?
False
Does 13 divide 21472230?
True
Does 20 divide 3718928420?
True
Does 1123 divide 225575039?
False
Is 106265257 a multiple of 6470?
False
Is 707 a factor of 27770960?
True
Is 1486 a factor of 153832935?
False
Is 306 a factor of 26214408?
True
Is 27 a factor of 87564050?
False
Is 174534077 a multiple of 41?
False
Does 310 divide 32347260?
True
Is 6 a factor of 51200377?
False
Is 39046977 a multiple of 12?
False
Is 64 a factor of 37250816?
True
Is 179109848 a multiple of 346?
False
Is 404782606 a multiple of 83?
False
Does 4 divide 26641720?
True
Does 54 divide 190642225?
False
Is 65 a factor of 1001782015?
True
Is 163491303 a multiple of 93?
True
Does 15 divide 1522965?
True
Is 1066 a factor of 408698004?
True
Is 2492534070 a multiple of 18?
True
Is 246249 a multiple of 340?
False
Is 3 a factor of 11143106?
False
Is 7230 a factor of 2236910762?
False
Does 13 divide 1167428177?
False
Is 21487700 a multiple of 9?
False
Is 311137512 a multiple of 3?
True
Is 24 a factor of 44194584?
True
Does 826 divide 25817456?
True
Is 41 a factor of 400509689?
True
Is 75952604 a multiple of 53?
True
Is 147 a factor of 35755251?
True
Is 71146240 a multiple of 1630?
True
Is 56 a factor of 1524492566?
False
Is 4 a factor of 11141324?
True
Is 75 a factor of 12933300?
True
Is 75837060 a multiple of 338?
True
Does 5987 divide 498823170?
False
Does 6 divide 105851967?
False
Is 954834 a multiple of 33?
False
Is 27 a factor of 33516145?
False
Is 2 a factor of 2560152?
True
Is 9 a factor of 275769081?
True
Is 14693619 a multiple of 183?
True
Is 1494715136 a multiple of 723?
False
Is 2217 a factor of 251435872?
False
Is 12155953 a multiple of 43?
False
Is 9 a factor of 97706687?
False
Does 260 divide 4919720?
True
Is 1199955332 a multiple of 1307?
False
Is 14 a factor of 458841328?
False
Does 1482 divide 229091350?
False
Is 9 a factor of 70408116?
True
Is 7 a factor of 30894369?
False
Is 212202612 a multiple of 54?
True
Is 23 a factor of 1191469?
True
Is 1126202208 a multiple of 163?
True
Is 36 a factor of 1179692064?
True
Is 3811 a factor of 39395590?
False
Is 517 a factor of 479437580?
False
Does 16 divide 189267776?
True
Is 618693888 a multiple of 1856?
True
Is 10 a factor of 102909334?
False
Does 92 divide 702680220?
False
Is 27688310 a multiple of 878?
False
Does 76 divide 2326816?
True
Is 98123894 a multiple of 22?
True
Is 188820450 a multiple of 1431?
True
Does 1665 divide 89708230?
False
Does 7 divide 13366976?
True
Does 2697 divide 67546365?
True
Is 532 a factor of 846557236?
True
Is 11527009 a multiple of 9?
False
Does 1007 divide 135458234?
False
Is 2136316905 a multiple of 880?
False
Does 146 divide 83538359?
False
Is 919162 a multiple of 985?
False
Does 314 divide 86911497?
False
Is 9453396 a multiple of 11?
False
Is 58554780 a multiple of 1021?
False
Does 279 divide 83673012?
False
Does 822 divide 1110427317?
False
Does 12430 divide 4506104981?
False
Is 68 a factor of 8880188?
True
Is 528823811 a multiple of 17?
True
Is 1724939079 a multiple of 4871?
False
Is 8 a factor of 579717?
False
Is 45995915 a multiple of 6?
False
Is 67090908 a multiple of 66?
False
Is 4 a factor of 56670415?
False
Is 67 a factor of 93922643?
False
Is 518667084 a multiple of 2172?
True
Does 18 divide 14155686?
True
Does 34 divide 435143458?
True
Is 2555 a factor of 162996225?
True
Is 20807295 a multiple of 5?
True
Does 5 divide 94778499?
False
Is 1532145454 a multiple of 51?
False
Does 468 divide 816192?
True
Does 66 divide 52505904?
True
Does 39 divide 210468317?
False
Is 40 a factor of 45244770?
False
Is 2488918663 a multiple of 13?
False
Does 74 divide 209214645?
False
Is 495006680 a multiple of 238?
True
Does 96 divide 4017312?
True
Is 713372630 a multiple of 16?
False
Does 13 divide 137853153?
False
Is 2245395560 a multiple of 95?
False
Does 136 divide 80495807?
False
Does 38 divide 1532518454?
True
Does 547 divide 718993420?
False
Does 99 divide 17091855?
True
Is 2786 a factor of 2203775275?
False
Is 1557162 a multiple of 104?
False
Is 1605630479 a multiple of 2811?
False
Does 9 divide 5290596717?
False
Is 5003475 a multiple of 5?
True
Does 253 divide 20066189?
True
Is 14 a factor of 58088562?
True
Is 2093084257 a multiple of 3922?
False
Is 169 a factor of 2159103947?
True
Is 104 a factor of 60349025?
False
Is 61533225 a multiple of 109?
True
Does 25 divide 214688624?
False
Does 184 divide 18190976?
True
Is 4086810 a multiple of 315?
True
Is 582 a factor of 24176280?
True
Does 1671 divide 1711151037?
False
Is 3265676409 a multiple of 807?
True
Is 17 a factor of 126476185?
False
Is 128889750 a multiple of 330?
True
Is 359210728 a multiple of 452?
True
Is 327 a factor of 135635676?
True
Does 14 divide 10767554?
True
Is 39 a factor of 737774?
False
Does 609 divide 1547485?
False
Is 178674972 a multiple of 28?
True
Is 910 a factor of 2107093?
False
Does 89 divide 30501368?
True
Does 305 divide 87210433?
False
Does 196 divide 2114473?
False
Does 135 divide 26823741?
False
Does 3173 divide 418891007?
False
Is 97381149 a multiple of 554?
False
Is 643484243 a multiple of 26?
False
Is 2553 a factor of 1881114225?
True
Is 215382234 a multiple of 62?
True
Is 27 a factor of 240040125?
True
Does 26 divide 1644267877?
False
Is 34902592 a multiple of 49?
False
Is 24 a factor of 1650269966?
False
Does 411 divide 168758627?
False
Does 82 divide 165886250?
False
Does 8 divide 236740376?
True
Is 444 a factor of 25647984?
False
Is 54556069 a multiple of 450?
False
Is 60867450 a multiple of 135?
True
Does 188 divide 13884691?
False
Does 167 divide 271509836?
False
Is 297 a factor of 25489773?
False
Is 1104141718 a multiple of 918?
False
Is 43 a factor of 7641156?
False
Is 160444179 a multiple of 152?
False
Does 43 divide 26534182?
True
Is 71539965 a multiple of 105?
True
Is 86080435 a multiple of 24?
False
Is 14883363 a multiple of 11?
True
Does 3503 divide 161036413?
True
Is 49682874 a multiple of 13?
False
Is 1004590160 a multiple of 8837?
True
Is 1389 a factor of 91651962?
False
Does 12 divide 9197967?
False
Is 167067128 a multiple of 41?
True
Does 11 divide 60139816?
True
Is 1434 a factor of 395620524?
True
Is 184 a factor of 30162184?
False
Is 48703798 a multiple of 1735?
False
Does 161 divide 26268898?
False
Is 30106565 a multiple of 3?
False
Is 1091947571 a multiple of 4027?
False
Does 6 divide 22073013?
False
Is 39 a factor of 17830484?
False
Is 32 a factor of 28466828?
False
Does 315 divide 139407345?
True
Is 31941384 a multiple of 5?
False
Does 95 divide 15751197?
False
Does 1716 divide 32979804?
True
Is 5 a factor of 488133440?
True
Does 384 divide 920243752?
False
Is 11903925 a multiple of 230?
False
Is 80815870 a multiple of 10?
True
Does 80 divide 26743306?
False
Does 20 divide 37802746?
False
Is 784 a factor of 114429928?
False
Is 565 a factor of 130074865?
True
Does 22 divide 32568773?
False
Is 393 a factor of 25683729?
True
Does 3341 divide 606335998?
False
Is 70 a factor of 54832890?
True
Does 89 divide 135260349?
False
Is 47823646 a multiple of 4?
False
Is 17841499 a multiple of 11?
False
Is 7789896 a multiple of 13?
False
Does 71 divide 8248954?
False
Is 36782490 a multiple of 3?
True
Is 46025270 a multiple of 191?
True
Is 2294959541 a multiple of 65?
False
Is 273059925 a multiple of 27?
False
Is 152 a factor of 4588529?
False
Is 1775 a factor of 40651050?
True
Is 15 a factor of 494835825?
True
Is 19 a factor of 305936371?
False
Is 119838136 a multiple of 22?
True
Is 3 a factor of 55216386?
True
Is 2431605204 a multiple of 14?
True
Is 64859292 a multiple of 162?
True
Is 137 a factor of 3456249048?
False
Is 592735500 a multiple of 2170?
True
Is 1866457745 a multiple of 6?
False
Is 9359 a factor of 1339319695?
True
Is 2068 a factor of 50131186?
False
Is 346 a factor of 377698263?
False
Is 960 a factor of 591